81
What is the greatest common divisor of 75522300 and 275?
25
What is the greatest common divisor of 66750 and 713250?
750
What is the highest common factor of 485 and 6048241?
97
Calculate the highest common factor of 73334768 and 9107.
1301
What is the highest common divisor of 56525 and 460864?
19
Calculate the highest common divisor of 99913 and 99.
11
Calculate the greatest common factor of 796 and 28256806.
398
What is the greatest common factor of 944 and 315344?
16
What is the highest common divisor of 107758 and 657986?
602
What is the greatest common divisor of 29375 and 1477492?
47
Calculate the greatest common divisor of 720 and 7484256.
144
Calculate the greatest common factor of 33839116 and 90028.
1268
What is the highest common factor of 1912 and 54168?
8
Calculate the highest common factor of 6068080 and 32.
16
What is the greatest common factor of 119276752 and 7?
7
Calculate the greatest common divisor of 30284732 and 984.
164
Calculate the highest common divisor of 11763792 and 7830.
1566
What is the greatest common factor of 16038 and 72699?
33
Calculate the greatest common divisor of 14358236 and 35164.
596
What is the greatest common divisor of 226100 and 40318?
38
Calculate the greatest common divisor of 537228 and 4908.
12
What is the highest common divisor of 525 and 76202750?
25
Calculate the highest common divisor of 28 and 734624940.
28
What is the greatest common factor of 5499784 and 424?
8
What is the highest common factor of 2881310 and 13140?
730
What is the greatest common divisor of 173 and 169612660?
173
What is the highest common divisor of 34679637 and 758?
379
Calculate the greatest common factor of 5 and 46854315.
5
Calculate the highest common factor of 65506 and 173572.
14
Calculate the highest common factor of 1047640 and 8360.
440
What is the greatest common factor of 88 and 79072488?
88
What is the greatest common factor of 119834 and 803660?
286
Calculate the greatest common divisor of 33264 and 1954854.
594
Calculate the highest common factor of 464369 and 845032.
1993
What is the greatest common divisor of 3114 and 9937293?
519
Calculate the greatest common divisor of 600 and 493029800.
200
Calculate the greatest common divisor of 42232686 and 1884.
942
What is the greatest common divisor of 1748 and 64828?
76
Calculate the greatest common divisor of 5944990 and 50.
10
What is the greatest common factor of 798 and 1917822?
114
What is the greatest common divisor of 566619 and 6368121?
8457
Calculate the greatest common divisor of 605619 and 4149.
9
What is the greatest common divisor of 1629 and 671765934?
543
What is the greatest common factor of 2898 and 8862?
42
Calculate the highest common divisor of 325716086 and 894.
298
Calculate the greatest common divisor of 112 and 68352368.
112
What is the highest common factor of 204502064 and 6942?
2314
Calculate the highest common divisor of 44381330 and 3084.
514
Calculate the greatest common factor of 287192626 and 290.
58
Calculate the highest common divisor of 50935176 and 3096.
72
What is the highest common factor of 11456107 and 3211?
247
Calculate the highest common divisor of 3068 and 470860.
52
What is the highest common factor of 1953 and 577458?
63
What is the highest common divisor of 63754111 and 1322?
661
Calculate the highest common factor of 72 and 113972776.
8
Calculate the greatest common divisor of 4347 and 14743.
23
Calculate the greatest common factor of 2861 and 7784781.
2861
Calculate the greatest common divisor of 79192 and 127124.
2084
Calculate the greatest common factor of 1369757030 and 2399.
2399
Calculate the highest common divisor of 9 and 14430030.
3
What is the highest common factor of 18415 and 4785?
145
What is the highest common divisor of 5398659 and 5427?
603
What is the greatest common divisor of 3898079 and 2421?
269
What is the highest common divisor of 92300 and 295?
5
Calculate the highest common divisor of 2460126 and 212796.
138
What is the greatest common divisor of 12218 and 3730262?
82
Calculate the greatest common factor of 15184 and 51376.
208
Calculate the greatest common divisor of 1159626 and 28379.
13
Calculate the highest common divisor of 140 and 11646215.
35
What is the highest common divisor of 43288 and 1689464?
56
What is the highest common divisor of 1335 and 301992130?
445
What is the highest common factor of 26528 and 1712714?
1658
Calculate the greatest common divisor of 257575 and 475.
25
What is the highest common divisor of 2680659 and 9?
9
What is the highest common factor of 709595262 and 12?
6
What is the highest common divisor of 1661920 and 7347808?
7072
Calculate the highest common divisor of 1882 and 29414719.
941
Calculate the highest common divisor of 1268 and 310489454.
634
What is the greatest common factor of 230060 and 32180?
20
What is the greatest common divisor of 876753 and 2196?
549
Calculate the highest common factor of 901446 and 5460.
546
Calculate the greatest common factor of 464 and 62361136.
464
Calculate the highest common factor of 300141205 and 238.
119
What is the highest common factor of 1350050850 and 471?
471
Calculate the greatest common factor of 791 and 17450251.
791
What is the greatest common factor of 42537 and 85041?
33
Calculate the highest common divisor of 5 and 64942640.
5
Calculate the greatest common divisor of 715 and 69295941.
143
Calculate the highest common divisor of 8740 and 8831542.
38
Calculate the greatest common factor of 42717135 and 53055.
1965
What is the highest common factor of 546 and 363350?
26
What is the highest common divisor of 2034408 and 592?
296
Calculate the highest common factor of 488538 and 4142.
218
What is the greatest common divisor of 4174112 and 612?
68
What is the greatest common divisor of 93626 and 89748?
554
What is the highest common divisor of 21043 and 21505?
11
What is the greatest common factor of 18278 and 184654198?
1406
What is the highest common divisor of 48653575 and 1275?
425
Calculate the highest common factor of 71715517 and 1137.
379
What is the greatest common divisor of 62 and 79694862?
62
Calculate the greatest common factor of 2685672 and 2232.
72
What is the greatest common divisor of 16163631 and 54?
27
Calculate the highest common factor of 2645712 and 2432.
304
What is the highest common factor of 61160 and 95948920?
5560
Calculate the greatest common factor of 65969011 and 142.
71
Calculate the greatest common divisor of 6528 and 17847936.
384
Calculate the highest common divisor of 18288 and 209888.
16
What is the greatest common divisor of 2464439 and 34?
17
What is the greatest common divisor of 462025 and 1825?
25
Calculate the highest common factor of 10790570 and 42.
14
What is the highest common divisor of 66 and 1160533?
11
What is the greatest common divisor of 228 and 17831994?
114
What is the greatest common divisor of 35 and 3346340?
5
What is the highest common divisor of 3011385 and 3120?
195
Calculate the greatest common factor of 45716 and 1002635.
1039
Calculate the highest common factor of 160696 and 418912.
424
Calculate the highest common divisor of 476 and 1390124.
68
What is the greatest common factor of 19448 and 10022452?
748
Calculate the greatest common divisor of 2509 and 1584076.
13
What is the highest common divisor of 604425 and 85875?
75
What is the highest common factor of 2915 and 344465?
55
What is the highest common factor of 75724 and 15217082?
3442
What is the highest common factor of 19824500 and 6820?
620
What is the greatest common factor of 2457 and 77329539?
189
What is the greatest common factor of 37022278 and 508?
254
What is the highest common divisor of 7828605 and 90?
45
What is the greatest common factor of 28 and 564970322?
14
Calculate the highest common divisor of 56943 and 9879.
111
Calculate the greatest common factor of 632265 and 85095.
915
Calculate the highest common factor of 434 and 22456245.
217
What is the highest common divisor of 136818 and 86262?
66
What is the highest common factor of 5534565 and 61455?
3615
Calculate the highest common factor of 23 and 94590168.
23
Calculate the highest common divisor of 259733340 and 4248.
2124
Calculate the highest common factor of 183962854 and 746.
746
What is the highe